r?
False
Is 8728907 a prime number?
False
Is 13623697 composite?
False
Is 45196393 a composite number?
True
Is 1073491 a composite number?
False
Is 10519555 a composite number?
True
Is 261302819 composite?
False
Is 339373 a composite number?
False
Is 365336639 composite?
False
Is 112784359 prime?
True
Is 17644037 a prime number?
True
Is 41416121 a composite number?
False
Is 1637759 prime?
True
Is 81550771 prime?
True
Is 1223418127 prime?
True
Is 4119601 prime?
True
Is 66379501 prime?
True
Is 247991 composite?
False
Is 28361839 prime?
False
Is 223730513 a prime number?
False
Is 3499163 a prime number?
True
Is 5769087 a prime number?
False
Is 8826803 a prime number?
True
Is 1077017 prime?
True
Is 10871999 a composite number?
True
Is 4931879 prime?
True
Is 1032797 composite?
True
Is 139041314 a prime number?
False
Is 523633703 prime?
False
Is 52124155 prime?
False
Is 3149747 a composite number?
False
Is 8559767 composite?
False
Is 97342331 a prime number?
False
Is 452372135 composite?
True
Is 161259421 a composite number?
True
Is 42274871 a composite number?
True
Is 267911 composite?
True
Is 198229082 prime?
False
Is 31271243 a composite number?
False
Is 9769463 a prime number?
False
Is 3592109 a composite number?
False
Is 160696447 composite?
False
Is 5965117 prime?
False
Is 41271121 prime?
False
Is 97699222 a prime number?
False
Is 17717845 a composite number?
True
Is 14568413 composite?
True
Is 2413291 a composite number?
False
Is 513770681 a prime number?
False
Is 353321 a prime number?
True
Is 14372323 prime?
False
Is 4608991 a composite number?
True
Is 83344901 a composite number?
True
Is 6933853 a composite number?
False
Is 3451517 composite?
False
Is 2769281 a composite number?
False
Is 783919 prime?
False
Is 954791 a composite number?
True
Is 1411759 a prime number?
True
Is 11661501 a composite number?
True
Is 56306821 composite?
False
Is 1283053 composite?
True
Is 125631827 composite?
True
Is 167355833 a prime number?
True
Is 2817127 a composite number?
False
Is 57574757 prime?
True
Is 4611287 composite?
False
Is 10930951 prime?
False
Is 1899637 composite?
False
Is 538921 composite?
False
Is 32058533 a composite number?
True
Is 74243863 composite?
True
Is 136779131 composite?
False
Is 2650607 a prime number?
False
Is 2111491 composite?
False
Is 103861753 a composite number?
False
Is 30912359 a composite number?
False
Is 899839 a composite number?
True
Is 62207093 composite?
True
Is 261213 a prime number?
False
Is 681254933 a composite number?
True
Is 384650263 a prime number?
False
Is 134497769 prime?
False
Is 567157 a composite number?
True
Is 19681897 a composite number?
False
Is 30055309 prime?
True
Is 1958962 composite?
True
Is 182773 a prime number?
True
Is 25530055 a prime number?
False
Is 2312989 prime?
False
Is 1691913 a composite number?
True
Is 37477893 composite?
True
Is 174061439 a composite number?
True
Is 1332251 a prime number?
True
Is 24194273 a prime number?
True
Is 219660689 prime?
False
Is 94394891 a prime number?
False
Is 1275517 composite?
True
Is 20316761 composite?
False
Is 246275893 composite?
True
Is 2988686 prime?
False
Is 775894003 composite?
False
Is 10687277 a composite number?
False
Is 30253019 a prime number?
True
Is 27330587 a prime number?
False
Is 5735299 a composite number?
True
Is 9793513 composite?
True
Is 4118693 prime?
True
Is 4021867 prime?
True
Is 694579351 prime?
True
Is 26953423 prime?
False
Is 10814773 composite?
True
Is 14874809 a prime number?
False
Is 2526857 prime?
False
Is 4888819 a prime number?
False
Is 90244967 composite?
False
Is 41729 a prime number?
True
Is 23232743 a composite number?
False
Is 56520473 a composite number?
True
Is 1172893 a prime number?
True
Is 441697 a composite number?
False
Is 25604693 composite?
False
Is 86511506 a prime number?
False
Is 2508157 prime?
False
Is 940523 prime?
True
Is 376408673 prime?
True
Is 107570627 a prime number?
False
Is 9439387 a composite number?
False
Is 558618301 composite?
True
Is 1278319 a composite number?
True
Is 6904279 composite?
False
Is 825289 composite?
True
Is 360490621 a composite number?
False
Is 83254297 a prime number?
False
Is 33571963 prime?
True
Is 73264801 a prime number?
True
Is 38068714 prime?
False
Is 3341483 a prime number?
True
Is 564671 composite?
False
Is 348322717 prime?
True
Is 41649703 a composite number?
False
Is 48243191 a prime number?
True
Is 4809635 composite?
True
Is 833189 a composite number?
True
Is 51153667 composite?
False
Is 18914239 composite?
False
Is 8597167 composite?
True
Is 70756619 composite?
True
Is 947461 a prime number?
False
Is 35898686 a prime number?
False
Is 14153863 a composite number?
True
Is 74871389 prime?
False
Is 201890209 a composite number?
False
Is 210299861 prime?
True
Is 807731 a prime number?
True
Is 507743 prime?
True
Is 14039551 a prime number?
True
Is 15975437 prime?
True
Is 6180379 prime?
True
Is 9490817 composite?
True
Is 20680811 composite?
False
Is 144585073 prime?
False
Is 3029947 a prime number?
True
Is 49945787 a composite number?
False
Is 13066549 a prime number?
True
Is 3518807 composite?
False
Is 9514933 composite?
False
Is 305618 prime?
False
Is 10234109 prime?
False
Is 2854207 a prime number?
True
Is 5515589 composite?
False
Is 379033 a prime number?
True
Is 695641 composite?
False
Is 1839779 a composite number?
True
Is 1202527 a prime number?
False
Is 422039627 composite?
True
Is 14709083 a prime number?
False
Is 1641977 prime?
False
Is 30923251 composite?
True
Is 1905749 a prime number?
False
Is 1163431 a prime number?
True
Is 308602429 composite?
True
Is 12932321 composite?
False
Is 130303597 composite?
False
Is 11049001 a composite number?
False
Is 56417171 a composite number?
True
Is 3451321 composite?
False
Is 1077859 composite?
False
Is 21723239 a composite number?
False
Is 190071227 a prime number?
True
Is 62641741 prime?
False
Is 257849807 prime?
False
Is 54361739 prime?
True
Is 6572453 composite?
False
Is 19015363 a composite number?
True
Is 1810763 a composite number?
True
Is 151487717 composite?
False
Is 6208333 composite?
True
Is 2280799 a prime number?
False
Is 52061891 prime?
False
Is 48339413 prime?
True
Is 79915013 composite?
False
Is 24757753 a composite number?
True
Is 617783861 a composite number?
True
Is 1486643 composite?
True
Is 44599981 a composite number?
False
Is 684079 a composite number?
True
Is 101620993 composite?
False
Is 790633 prime?
True
Is 36112919 composite?
False
Is 807434 a prime number?
False
Is 2575555 a composite number?
True
Is 371129 composite?
True
Is 320141 prime?
True
Is 12572201 prime?
False
Is 2401871 prime?
True
Is 23426554 a prime number?
False
Is 16305403 a prime number?
False
Is 166374067 composite?
False
Is 9118897 prime?
True
Is 3665947 prime?
False
Is 284997409 prime?
True
Is 471999739 composite?
True
Is 92061097 a prime number?
True
Is 352085449 a composite number?
True
Is 2223671 composite?
False
Is 1466686219 prime?
True
Is 6783841 a composite number?
True
Is 29826793 a prime number?
False
Is 815585 prime?
False
Is 115264147 composite?
False
Is 239671 prime?
True
Is 16836487 a prime number?
True
Is 9782678 a composite number?
True
Is 21816589 a prime number?
False
Is 4820483 a composite number?
False
Is 11790293 a prime number?
True
Is 6412249 composite?
False
Is 1597379 a prime number?
False
Is 5517371 a composite number?
False
Is 479506397 composite?
False
Is 898171 prime?
True
Is 30036023 composite?
False
Is 2749169 a composite number?
True
Is 84987989 composite?
True
Is 454694051 a prime number?
False
Is 1068407 a prime number?
True
Is 777041 a composite number?
False
Is 17989777 prime?
False
Is 9607987 prime?
True
Is 2004649 composite?
True
Is 75978431 a composite number?
False
Is 12814973 prime?
False
Is 559049 a composite number?
False
Is 16933879 a composite number?
True
Is 5759009 a composite number?
False
Is 188507129 composite?
False
Is 23610841 composite?
True
Is 4764103 a prime number?
True
Is 3176137 composite?
False
Is 51347341 prime?
True
Is 3477902 prime?
False
Is 29185411 a composite number?
False
Is 4455455 prime?
False
Is 2689991 composite?
False
Is 4870321 prime?
False
Is 28925717 a composite number?
True
Is 322250587 a prime number?
False
Is 288007 a prime number?
True
Is 11